4 a multiple of 36?
True
Is 19 a factor of 9101?
True
Is 1904 a multiple of 20?
False
Is 78 a factor of 1482?
True
Is 2 a factor of 183?
False
Is 20280 a multiple of 8?
True
Does 17 divide 459?
True
Does 8 divide 2568?
True
Does 41 divide 11316?
True
Is 8014 a multiple of 192?
False
Is 51 a factor of 1334?
False
Is 25176 a multiple of 24?
True
Is 30 a factor of 120?
True
Is 55 a multiple of 12?
False
Is 3010 a multiple of 70?
True
Is 52 a factor of 165?
False
Does 26 divide 4056?
True
Is 16 a factor of 4965?
False
Does 20 divide 6981?
False
Is 26 a factor of 101?
False
Does 22 divide 145046?
True
Does 66 divide 3036?
True
Is 17335 a multiple of 19?
False
Does 45 divide 6030?
True
Does 98 divide 1764?
True
Is 89 a factor of 8259?
False
Does 20 divide 2000?
True
Is 325 a multiple of 65?
True
Is 4 a factor of 157?
False
Is 22 a factor of 264?
True
Is 3269 a multiple of 13?
False
Is 5336 a multiple of 7?
False
Does 54 divide 29810?
False
Is 48 a factor of 4944?
True
Does 8 divide 573?
False
Is 16 a factor of 528?
True
Is 14 a factor of 714?
True
Does 117 divide 3510?
True
Does 94 divide 2765?
False
Is 348 even?
True
Does 16 divide 80?
True
Is 10172 a multiple of 13?
False
Is 602 a multiple of 43?
True
Does 28 divide 308?
True
Is 51029 a multiple of 12?
False
Is 163 a factor of 20890?
False
Is 3 a multiple of 2?
False
Is 283 a multiple of 11?
False
Is 3856 a multiple of 14?
False
Is 2610 a multiple of 121?
False
Does 2 divide 57?
False
Is 75 a factor of 631?
False
Is 1612 a multiple of 11?
False
Does 221 divide 79560?
True
Is 9632 a multiple of 43?
True
Is 6 a factor of 12?
True
Is 73982 a multiple of 68?
False
Does 13 divide 2093?
True
Is 63 a factor of 7262?
False
Is 488 a multiple of 3?
False
Is 4400 a multiple of 100?
True
Does 12 divide 4925?
False
Is 15677 a multiple of 61?
True
Is 33 a factor of 1722?
False
Is 335 a multiple of 19?
False
Is 28 a factor of 13980?
False
Is 20219 a multiple of 133?
False
Does 50 divide 2500?
True
Is 1125 a multiple of 24?
False
Does 37 divide 10637?
False
Does 16 divide 4007?
False
Does 38 divide 1724?
False
Is 41 a factor of 776?
False
Is 4 a factor of 892?
True
Does 25 divide 8200?
True
Does 65 divide 19175?
True
Is 23 a factor of 989?
True
Is 13278 a multiple of 29?
False
Does 133 divide 93280?
False
Is 61 a factor of 2074?
True
Does 35 divide 41685?
True
Is 22 a factor of 1254?
True
Is 1404 a multiple of 117?
True
Does 216 divide 18371?
False
Is 6688 a multiple of 19?
True
Is 44 a factor of 1084?
False
Is 116 a factor of 275?
False
Does 8 divide 10828?
False
Is 5 a factor of 544?
False
Does 31 divide 2201?
True
Does 66 divide 35838?
True
Is 2 a factor of 666?
True
Is 35420 a multiple of 322?
True
Is 8249 a multiple of 113?
True
Does 41 divide 5904?
True
Is 16 a factor of 928?
True
Is 251 a multiple of 2?
False
Is 1872 a multiple of 33?
False
Is 36072 a multiple of 167?
True
Is 904 a multiple of 4?
True
Is 59150 a multiple of 338?
True
Does 3 divide 272?
False
Is 8170 a multiple of 34?
False
Is 26 a factor of 20124?
True
Is 529 a multiple of 67?
False
Is 25 a factor of 1125?
True
Is 59 a factor of 10266?
True
Is 399 a multiple of 16?
False
Is 8125 a multiple of 25?
True
Is 11 a factor of 649?
True
Is 65632 a multiple of 16?
True
Is 45 a factor of 15504?
False
Does 132 divide 18744?
True
Is 1554 a multiple of 14?
True
Does 35 divide 1580?
False
Is 49868 a multiple of 14?
True
Does 89 divide 8277?
True
Is 64 a factor of 256?
True
Is 24 a factor of 3801?
False
Is 22962 a multiple of 81?
False
Is 4 a factor of 536?
True
Does 23 divide 207?
True
Is 22734 a multiple of 28?
False
Is 6048 a multiple of 126?
True
Is 5 a factor of 271?
False
Does 9 divide 12619?
False
Does 70 divide 4616?
False
Is 6726 a multiple of 33?
False
Does 13 divide 3729?
False
Is 13 a factor of 98877?
False
Does 20 divide 343?
False
Is 9 a factor of 221?
False
Is 1260 a multiple of 21?
True
Is 8 a factor of 1808?
True
Does 4 divide 20516?
True
Is 24115 a multiple of 35?
True
Does 24 divide 96?
True
Does 16 divide 622?
False
Is 504 a multiple of 42?
True
Is 10 a factor of 10872?
False
Is 25885 a multiple of 167?
True
Is 60 a factor of 8991?
False
Is 6164 a multiple of 92?
True
Is 4 a factor of 20040?
True
Is 2628 a multiple of 21?
False
Does 9 divide 6679?
False
Does 351 divide 14391?
True
Does 16 divide 6526?
False
Does 36 divide 900?
True
Is 6 a factor of 7077?
False
Is 39 a factor of 1745?
False
Does 21 divide 147?
True
Is 6 a factor of 203?
False
Is 11 a factor of 21699?
False
Is 19 a factor of 893?
True
Does 15 divide 32955?
True
Does 14 divide 251?
False
Does 112 divide 4368?
True
Is 3238 even?
True
Is 16 a factor of 663?
False
Is 556 a multiple of 25?
False
Does 17 divide 2465?
True
Is 572 a multiple of 11?
True
Is 15 a factor of 495?
True
Is 7881 a multiple of 118?
False
Is 3 a factor of 162?
True
Is 49104 a multiple of 22?
True
Is 8 a factor of 9672?
True
Is 29913 a multiple of 14?
False
Does 12 divide 6144?
True
Is 20720 a multiple of 14?
True
Does 27 divide 60?
False
Is 69 a factor of 471?
False
Does 31 divide 796?
False
Is 32 a factor of 800?
True
Is 13 a factor of 7108?
False
Is 6 a factor of 346?
False
Is 16 a factor of 4505?
False
Is 11 a factor of 33?
True
Does 9 divide 1187?
False
Does 14 divide 770?
True
Does 12 divide 84624?
True
Does 45 divide 267?
False
Is 17897 a multiple of 36?
False
Is 34 a factor of 427?
False
Is 215 a multiple of 8?
False
Does 63 divide 2205?
True
Is 3776 a multiple of 64?
True
Is 27 a factor of 3753?
True
Is 8812 a multiple of 19?
False
Does 2 divide 2883?
False
Does 6 divide 3289?
False
Is 11 a factor of 16999?
False
Does 13 divide 10304?
False
Is 345 a factor of 37202?
False
Is 35866 a multiple of 227?
True
Is 270 a multiple of 9?
True
Does 22 divide 1134?
False
Is 14 a factor of 234794?
True
Does 4 divide 2196?
True
Is 175 a factor of 40250?
True
Is 2250 a multiple of 9?
True
Is 713 a multiple of 4?
False
Is 22917 a multiple of 37?
False
Does 18 divide 2322?
True
Is 28 a multiple of 7?
True
Is 2562 a multiple of 42?
True
Is 1785 a multiple of 95?
False
Does 13 divide 455?
True
Does 9 divide 144?
True
Is 1383 a multiple of 78?
False
Is 127 a factor of 3885?
False
Does 31 divide 2697?
True
Is 11965 a multiple of 57?
False
Is 2268 a multiple of 7?
True
Does 35 divide 1684?
False
Does 59 divide 15045?
True
Does 224 divide 72800?
True
Is 415 a multiple of 5?
True
Is 45864 a multiple of 168?
True
Does 3 divide 704?
False
Does 10 divide 17839?
False
Does 11 divide 156?
False
Does 23 divide 2829?
True
Is 9 a factor of 3538?
False
Is 3469 a multiple of 54?
False
Does 85 divide 111163?
False
Is 44 a factor of 11979?
False
Is 54 a factor of 85374?
True
Is 4 a factor of 9402?
False
Is 11876 a multiple of 10?
False
Is 150 a multiple of 15?
True
Is 42 a factor of 84?
True
Is 32613 a multiple of 20?
False
Is 660 a multiple of 33?
True
Is 52871 a multiple of 83?
True
Is 64412 a multiple of 40?
False
Does 5 divide 320?
True
Is 39 a factor of 195?
True
Is 41 a factor of 2009?
True
Does 30 divide 13590?
True
Is 22 a factor of 11550?
True
Is 5 a factor of 430?
True
Does 12 divide 540?
True
Is 11 a factor of 487?
False
Is 3967 a multiple of 27?
False
Is 2512 a multiple of 8?
True
Is 5 a factor of 405?
True
Does 93 divide 4557?
True
Is 342 a multiple of 6?
True
Does 18 divide 321?
False
Is 107 a factor of 4979?
False
Is 21 a factor of 29232?
True
Is 37 a factor of 444?
True
Is 144 a factor of 27708?
False
Is 23430 a multiple of 11?
True
Is 13740 a multiple of 20?
True
Is 25 a factor of 2073?
False
Is 61 a factor of 15494?
True
Is 72 a factor of 7992?
True
Is 23 a factor of 4439?
True
Does 9 divide 16875?
True
Is 4178 a multiple of 20?
False
Is 90 a factor of 9000?
True
Does 2 divide 1803?
False
Is 106 a factor of 1562?
False
Is 35292 a multiple of 24?
False
Is 51 a factor of 1785?
True
Does 2 divide 3367?
False
Is 198 a factor of 69498?
True
Is 11 a factor of 11169?
False
Is 21 a factor of 1113?
True
Is 24 a factor of 1291?
False
Is 7 a factor of 12?
False
Does 3 divide 27?
True
Is 16 a factor of 732?
False
Is 26025 a multiple of 347?
True
Is 44 a factor of 4520?
False
Is 2 a factor of 31?
False
Is 114 a factor of 7296?
True
Is 910 a multiple of 10?
True
Is 15900 a multiple of 50?
True
Is 69 a factor of 4416?
True